base 13, what is -2926 + 7?
-291c
In base 2, what is 1101011010101011 + 1111?
1101011010111010
In base 12, what is -382565 + 0?
-382565
In base 5, what is 310102 + 1?
310103
In base 11, what is 5 + -18908?
-18903
In base 5, what is -10102 + -2243?
-12400
In base 7, what is -111020 - -12?
-111005
In base 8, what is -30517 - -22?
-30475
In base 12, what is -5b5 + 17?
-59a
In base 16, what is 488 + -16?
472
In base 10, what is 153493 + -28?
153465
In base 7, what is 1061 - 111?
650
In base 2, what is 11 + 100001111010?
100001111101
In base 4, what is -1323221 - -21?
-1323200
In base 7, what is 24543356 + -1?
24543355
In base 5, what is 2340 + 11331?
14221
In base 15, what is 5 - 2bc?
-2b7
In base 15, what is -3 - 2456?
-2459
In base 8, what is 2 + 34415?
34417
In base 2, what is 1000 + 1111000101110?
1111000110110
In base 16, what is 5353 + -1?
5352
In base 9, what is 67 + 2625?
2703
In base 4, what is -2103330 - 10?
-2110000
In base 2, what is 11010 + -100000110011?
-100000011001
In base 2, what is 101000000111000 - -1?
101000000111001
In base 15, what is -133 - -187?
54
In base 8, what is -5361 + -37?
-5420
In base 12, what is -30a + -8a9?
-bb7
In base 11, what is -4592 - 9?
-45a0
In base 14, what is 1027 + -11?
1016
In base 2, what is 11111111 + 100011010000?
100111001111
In base 8, what is 2 - -7026?
7030
In base 10, what is -4 - -173707?
173703
In base 11, what is 410 + -a3?
318
In base 9, what is 2837 - -18?
2856
In base 5, what is -1022 + 34442?
33420
In base 4, what is 10 - 1230120000?
-1230113330
In base 13, what is -ab753 - -5?
-ab74b
In base 7, what is -23 - 2613?
-2636
In base 5, what is -100 + -32413?
-33013
In base 11, what is -62307 - 5?
-62311
In base 6, what is 314144 - -4?
314152
In base 9, what is 0 - -20444?
20444
In base 15, what is -29a + 18?
-282
In base 5, what is 303 + -3010?
-2202
In base 15, what is -41 + -2ce?
-320
In base 11, what is 3306 - -97?
33a2
In base 7, what is -4 - 26333?
-26340
In base 7, what is 222 - -303?
525
In base 13, what is 26c - 4?
268
In base 13, what is 3c + 7371?
73b0
In base 16, what is 2d + -38?
-b
In base 13, what is 50c159 - -5?
50c161
In base 2, what is -11011 - -1010100111010?
1010100011111
In base 15, what is 5 + 2bb?
2c1
In base 13, what is 220 + -cc?
121
In base 14, what is -76331 + 3?
-7632c
In base 16, what is -5 - 60e74?
-60e79
In base 8, what is -173 + -1715?
-2110
In base 5, what is -2044 - -4101?
2002
In base 13, what is c7 - b?
b9
In base 3, what is -12011012012 + 0?
-12011012012
In base 5, what is 1430113 + 22?
1430140
In base 16, what is -c7fdb + -4?
-c7fdf
In base 10, what is 494 + -80?
414
In base 8, what is -2550 + 54?
-2474
In base 4, what is -2112 + 211003?
202231
In base 12, what is -a3b8 - 1?
-a3b9
In base 15, what is 1 + 2410?
2411
In base 13, what is -460ba - 4?
-460c1
In base 13, what is a04 + -4?
a00
In base 11, what is 14797 + -43?
14754
In base 4, what is -110 + 1220322?
1220212
In base 8, what is 6562 + 36?
6620
In base 14, what is -7113d - 4?
-71143
In base 10, what is -920235 - 5?
-920240
In base 3, what is 12 + -100120202100?
-100120202011
In base 16, what is 135 - -c7b?
db0
In base 6, what is -5103 - 555?
-10102
In base 12, what is -378b8 + 3?
-378b5
In base 8, what is 2 - -120413?
120415
In base 7, what is 4 + 6656?
6663
In base 13, what is -821 + 0?
-821
In base 11, what is -1776 + -1180?
-2946
In base 15, what is 4076 - 2?
4074
In base 15, what is -1d - -1a?
-3
In base 2, what is -1 + 1011101100101?
1011101100100
In base 4, what is 1003003301 - 10?
1003003231
In base 4, what is -11 - 1011133310?
-1011133321
In base 4, what is 1333122 - 13?
1333103
In base 14, what is -6 - -2b?
25
In base 7, what is -2402254 + -1?
-2402255
In base 6, what is 2430 + 4024?
10454
In base 4, what is 3232 + 20102?
30000
In base 13, what is 392c - 90?
386c
In base 7, what is 125 + -44?
51
In base 11, what is 46 - -55?
a0
In base 14, what is -3a329 - 1?
-3a32a
In base 7, what is -1130 - 23266?
-24426
In base 2, what is 110000 - -1001010100?
1010000100
In base 3, what is -1120210 - -120?
-1120020
In base 2, what is 110100110001011 + 10011?
110100110011110
In base 13, what is -2558 + -6?
-2561
In base 16, what is 2a12 - -2f?
2a41
In base 12, what is -2 - -7941?
793b
In base 5, what is -101320433 + 1?
-101320432
In base 2, what is -10110111 - -1000111?
-1110000
In base 16, what is 34 + -84?
-50
In base 14, what is 138ac1 + -2?
138abd
In base 14, what is 9 + 17414?
1741d
In base 6, what is -2 - -23233?
23231
In base 14, what is 15 + -1bb?
-1a6
In base 14, what is 1020 + -165?
c99
In base 11, what is 147a - 17?
1463
In base 3, what is 20221111022 - 1?
20221111021
In base 15, what is cd7e3 + -2?
cd7e1
In base 13, what is -2615 + -4?
-2619
In base 2, what is 1100011111001 + -1101011?
1100010001110
In base 16, what is -5 - 47ca?
-47cf
In base 2, what is -10111110000101 - -10010?
-10111101110011
In base 8, what is -412 - 7?
-421
In base 4, what is 2 - 2003003322?
-2003003320
In base 5, what is -433 - -201?
-232
In base 7, what is -102506 + 5?
-102501
In base 15, what is 1 - -d0060?
d0061
In base 11, what is -36 + 24976?
24940
In base 4, what is -1213310310 + 2?
-1213310302
In base 4, what is -2223201030 + 12?
-2223201012
In base 8, what is -67 - 10142?
-10231
In base 7, what is 4 + -5500?
-5463
In base 3, what is 212012 + 221?
220010
In base 5, what is -1243 + -2322?
-4120
In base 9, what is -3 - 830376?
-830380
In base 10, what is 884 - 3455?
-2571
In base 16, what is 506 - 68?
49e
In base 5, what is 41332442 - -4?
41333001
In base 16, what is -4ee - -a7?
-447
In base 11, what is -356 + 318a?
2934
In base 14, what is -1067d - 5?
-10684
In base 6, what is -321 + 5521?
5200
In base 2, what is 10011101011 - 1001000?
10010100011
In base 3, what is 101 + 10211002?
10211110
In base 9, what is -1584 + 30?
-1554
In base 9, what is -247 + -1780?
-2137
In base 6, what is 20054150 - -3?
20054153
In base 2, what is -1011001111 - -10111?
-1010111000
In base 7, what is 3 - 1061516?
-1061513
In base 8, what is -32 - 200667?
-200721
In base 3, what is -120022 - -1022?
-112000
In base 10, what is 354959 - 0?
354959
In base 12, what is 1 + 2a582?
2a583
In base 16, what is -3 + 10aa1?
10a9e
In base 16, what is a - bd1?
-bc7
In base 9, what is -616 - -547?
-58
In base 11, what is 10874 + -4a?
10825
In base 5, what is 141403 - 33?
141320
In base 9, what is -3 + 16674?
16671
In base 16, what is -9a8d + 3?
-9a8a
In base 16, what is -76 - -e?
-68
In base 13, what is -7c2 - -48?
-777
In base 4, what is -10 - 30302102?
-30302112
In base 8, what is -30054 + -30?
-30104
In base 16, what is e0 - -7ce?
8ae
In base 11, what is -125 - -1055?
a30
In base 5, what is 10 - -131432143?
131432203
In base 3, what is 102121210011120 + 10?
102121210011200
In base 11, what is -5610 + 5?
-5606
In base 6, what is 315 - -105221?
105540
In base 10, what is 398520 + 1?
398521
In base 15, what is -8b9a - 0?
-8b9a
In base 11, what is -181759 - -6?
-181753
In base 7, what is -1 - 1062055?
-1062056
In base 16, what is 15 - -2d23?
2d38
In base 3, what is -12 + 1102011210?
1102011121
In base 5, what is -144 - -1320010?
1314311
In base 13, what is a - -318?
325
In base 7, what is 21605 + -65?
21510
In base 8, what is 7 + 113662?
113671
In base 11, what is a141a + 2?
a1421
In base 15, what is 7b1c - a?
7b12
In base 14, what is -64c0 - -a?
-64b4
In base 8, what is -5 + -25406?
-25413
In base 16, what is 3264 - 1?
3263
In base 11, what is -3 + 186213?
186210
In base 10, what is -206123 - -2?
-206121
In base 6, what is -14 + 2045252?
2045234
In base 14, what is 115 + -b53b?
-b426
In base 13, what is -6 + -4c818?
-4c821
In base 5, what is -14 + 100010111?
100010042
In base 3, what is 0 + -2211222?
-2211222
In base 9, what is 6100 - -8?
6108
In base 16, what is -60 + -730?
-790
In base 7, what is -363 + 3?
-360
In base 2, what is -1100111100010111100 - 0?
-1100111100010111100
In base 2, what is 11100010010010010101 + 11?
11100010010010011000
In base 4, what is -3323 - 1000020?
-1010003
In base 9, what is 6556 - -31?
6587
In base 9, what is -2 - 163211?
-163213
In base 7, what is -1 + -5246524?
-5246525
In base 6, what is 131120 - -214?
131334
In base 8, what is 344463 - -4?
344467
In base 7, what is -336 + -4660?
-5326
In base 5, what is -4 - -